{"id":2752,"date":"2020-12-07T11:48:40","date_gmt":"2020-12-07T10:48:40","guid":{"rendered":"http:\/\/piscina.esportsmunicipalsalzira.com\/?post_type=portfolio&#038;p=2752"},"modified":"2020-12-16T10:15:52","modified_gmt":"2020-12-16T09:15:52","slug":"espacios-auxiliares","status":"publish","type":"portfolio","link":"https:\/\/piscina.esportsmunicipalsalzira.com\/va\/installacions\/espacios-auxiliares\/","title":{"rendered":"espais auxiliars"},"content":{"rendered":"<p>[vc_row el_class=\u00bbmy-3 mt-md-0&#8243;][vc_column]<div class=\"porto-ultimate-content-box-container\"><style>#porto_ucb_6463{will-change: box-shadow;box-shadow:0px 0px 35px -5px rgba(0,0,0,0.1);}<\/style><div class=\"porto-ultimate-content-box vc_custom_1607339613973\" style=\"border:1px solid #e8e8e8;\" id=\"porto_ucb_6463\">[vc_custom_heading text=\u00bbCaracter\u00edsticas Generales\u00bb font_container=\u00bbtag:h5|font_size:1.2em|text_align:left|line_height:1.6&#8243; use_theme_fonts=\u00bbyes\u00bb letter_spacing=\u00bb0&#8243; el_class=\u00bbpt-3 mb-0&#8243;][vc_custom_heading text=\u00bbAmplio acceso con escaleras y ascensor que va a dar al vest\u00edbulo principal de la primera planta y directamente el \u00e1rea de atenci\u00f3n al cliente y al control de accesos.\u00bb font_container=\u00bbtag:p|text_align:left\u00bb use_theme_fonts=\u00bbyes\u00bb el_class=\u00bbpb-3&#8243;][vc_separator color=\u00bbcustom\u00bb style=\u00bbsolid\u00bb accent_color=\u00bbrgba(0,0,0,0.15)\u00bb][vc_custom_heading text=\u00bbEspacios Planta 1&#8243; font_container=\u00bbtag:h5|font_size:1.2em|text_align:left|line_height:1.6&#8243; use_theme_fonts=\u00bbyes\u00bb letter_spacing=\u00bb0&#8243; el_class=\u00bbpt-3 mb-0&#8243;][vc_column_text]<\/p>\n<ul>\n<li>Butaques d&#39;espera en tot l&#39;acc\u00e9s.<\/li>\n<li>Panell d&#39;informaci\u00f3 contenint tota la informaci\u00f3 rellevant de la instal\u00b7laci\u00f3.<\/li>\n<li>Directori de metraquilat per a l&#39;explicaci\u00f3 de la distribuci\u00f3 general de l&#39;equipament esportiu.<\/li>\n<li><strong>Zona d&#39;Administraci\u00f3:<\/strong> Amb equipament independent i informatitzat per al t\u00e8cnic corresponent ..<\/li>\n<li><strong>Zona d'Atenci\u00f3 al Client:<\/strong> Amb equipament independent i informatitzat per al r\u00e0pid control de l&#39;acc\u00e9s, aix\u00ed com per a la informaci\u00f3 i confecci\u00f3 de nous abonaments.<\/li>\n<li><strong>Control d&#39;Accessos:<\/strong> Compost per dos Torns Bidireccionals amb dos lectors d'entrada i dos d'eixida i una tanca motoritzada per a l'acc\u00e9s de les persones discapacitades.<\/li>\n<li>Acc\u00e9s informatitzat a la instal\u00b7laci\u00f3 a trav\u00e9s de Targeta de proximitat.<\/li>\n<li><strong>Circuit Tancat de Televisi\u00f3 (14 Cambres):<\/strong> Amb programa inform\u00e0tic personalitzat l'objectiu principal \u00e9s la vigil\u00e0ncia del bon funcionament general i la millora de la seguretat de totes les zones de la instal\u00b7laci\u00f3.<\/li>\n<li><strong>Lloc de Control del Balneari:<\/strong> Videoporter de control amb imatge directa per a la vigil\u00e0ncia del Balneari Urb\u00e0.<\/li>\n<li><strong>Centraleta contra incendis.<\/strong><\/li>\n<li><strong>Centraleta de Vigil\u00e0ncia:<\/strong> Funciona coordinadament amb el sistema de circuit tancat de televisi\u00f3 per assegurar les instal\u00b7lacions en tot moment.<\/li>\n<li><strong>Sistema de Megafonia:<\/strong> Amb instal\u00b7laci\u00f3 independent per a les diferents zones de la instal\u00b7laci\u00f3 i amb suplement de micro sense fil.<\/li>\n<li><strong>Sala de Professors:<\/strong> Amb vista directa als gots de les piscines. Climatitzaci\u00f3 Independent i zones annexes per al funcionament diari dels professors.<\/li>\n<li><strong>Farmaciola:<\/strong> D&#39;acc\u00e9s a trav\u00e9s de la zona de professors dotat amb totes les mesures d&#39;atenci\u00f3 m\u00e8dica necess\u00e0ries per a la r\u00e0pida actuaci\u00f3 en cas de necessitat.<\/li>\n<li><strong>Sal\u00f3 de Bronzejat:<\/strong> Consta de dues cabines horitzontals per al bronzejat a trav\u00e9s dels raigs ra\u00efm. La sala est\u00e0 perfectament ventilada i condicionada per acollir dos usuaris al mateix temps, ja que les cabines estan perfectament compartimentades. El seu \u00fas est\u00e0 regulat pel reglament vigent i controlat en tot moment des de l'\u00e0rea d'atenci\u00f3 al client.<\/li>\n<li><strong>Sal\u00f3 de Massatge:<\/strong> Sala de massatge dotada de tot l'equipament necessari perqu\u00e8 reberes els teus massatges de relaxaci\u00f3 i de recuperaci\u00f3 de lesions.<\/li>\n<li><strong>Vestuari adaptat:<\/strong> Vestuari adaptat per a tota classe necessitats especials. Disposa de 6 cabines individuals amb servicis de dutxa i amb acc\u00e9s independent i directe als gots de les piscines cobertes. Aix\u00ed mateix, disposa de climatitzaci\u00f3 independent i de totes les capacitats dels vestuaris generals<\/li>\n<\/ul>\n<p>[\/vc_column_text][vc_separator color=\u00bbcustom\u00bb style=\u00bbsolid\u00bb accent_color=\u00bbrgba(0,0,0,0.15)\u00bb][vc_custom_heading text=\u00bbEspacios Planta 2&#8243; font_container=\u00bbtag:h5|font_size:1.2em|text_align:left|line_height:1.6&#8243; use_theme_fonts=\u00bbyes\u00bb letter_spacing=\u00bb0&#8243; el_class=\u00bbpt-3 mb-0&#8243;][vc_column_text]<\/p>\n<ul>\n<li><strong>Espai:<\/strong> Climatitzaci\u00f3 independent, dotada de cadires i taules amb visi\u00f3 directa dels gots de la piscina a trav\u00e9s de grans vidrieres.<\/li>\n<li><strong>Grades:<\/strong> Acc\u00e9s directe des de la cafeteria. Consta de 152 places, ocupant una \u00e0rea total de 266.84 metres quadrats.<\/li>\n<li><strong>Zona de Direcci\u00f3:<\/strong> Despatx complet de treball connectat en xarxa amb la zona d'administraci\u00f3, atenci\u00f3 al client i control d'accessos.<\/li>\n<li><strong>Lavabos:<\/strong> Dos lavabos amplis a la planta segona<\/li>\n<\/ul>\n<p>[\/vc_column_text]<\/div><\/div>[\/vc_column][\/vc_row]<\/p>","protected":false},"excerpt":{"rendered":"<p>[vc_row el_class=\u00bbmy-3 mt-md-0&#8243;][vc_column][\/vc_column][\/vc_row]<\/p>","protected":false},"featured_media":0,"comment_status":"open","ping_status":"closed","template":"","meta":[],"_links":{"self":[{"href":"https:\/\/piscina.esportsmunicipalsalzira.com\/va\/wp-json\/wp\/v2\/portfolio\/2752"}],"collection":[{"href":"https:\/\/piscina.esportsmunicipalsalzira.com\/va\/wp-json\/wp\/v2\/portfolio"}],"about":[{"href":"https:\/\/piscina.esportsmunicipalsalzira.com\/va\/wp-json\/wp\/v2\/types\/portfolio"}],"replies":[{"embeddable":true,"href":"https:\/\/piscina.esportsmunicipalsalzira.com\/va\/wp-json\/wp\/v2\/comments?post=2752"}],"version-history":[{"count":7,"href":"https:\/\/piscina.esportsmunicipalsalzira.com\/va\/wp-json\/wp\/v2\/portfolio\/2752\/revisions"}],"predecessor-version":[{"id":3012,"href":"https:\/\/piscina.esportsmunicipalsalzira.com\/va\/wp-json\/wp\/v2\/portfolio\/2752\/revisions\/3012"}],"wp:attachment":[{"href":"https:\/\/piscina.esportsmunicipalsalzira.com\/va\/wp-json\/wp\/v2\/media?parent=2752"}],"curies":[{"name":"wp","href":"https:\/\/api.w.org\/{rel}","templated":true}]}}

<p>[vc_row el_class=»my-3 mt-md-0&#8243;][vc_column]<div class="porto-ultimate-content-box-container"><style>#porto_ucb_6463{will-change: box-shadow;box-shadow:0px 0px 35px -5px rgba(0,0,0,0.1);}</style><div class="porto-ultimate-content-box vc_custom_1607339613973" style="border:1px solid #e8e8e8;" id="porto_ucb_6463">[vc_custom_heading text=»Características Generales» font_container=»tag:h5|font_size:1.2em|text_align:left|line_height:1.6&#8243; use_theme_fonts=»yes» letter_spacing=»0&#8243; el_class=»pt-3 mb-0&#8243;][vc_custom_heading text=»Amplio acceso con escaleras y ascensor que va a dar al vestíbulo principal de la primera planta y directamente el área de atención al cliente y al control de accesos.» font_container=»tag:p|text_align:left» use_theme_fonts=»yes» el_class=»pb-3&#8243;][vc_separator color=»custom» style=»solid» accent_color=»rgba(0,0,0,0.15)»][vc_custom_heading text=»Espacios Planta 1&#8243; font_container=»tag:h5|font_size:1.2em|text_align:left|line_height:1.6&#8243; use_theme_fonts=»yes» letter_spacing=»0&#8243; el_class=»pt-3 mb-0&#8243;][vc_column_text]</p>
<ul>
<li>Butaques d&#39;espera en tot l&#39;accés.</li>
<li>Panell d&#39;informació contenint tota la informació rellevant de la instal·lació.</li>
<li>Directori de metraquilat per a l&#39;explicació de la distribució general de l&#39;equipament esportiu.</li>
<li><strong>Zona d&#39;Administració:</strong> Amb equipament independent i informatitzat per al tècnic corresponent ..</li>
<li><strong>Zona d'Atenció al Client:</strong> Amb equipament independent i informatitzat per al ràpid control de l&#39;accés, així com per a la informació i confecció de nous abonaments.</li>
<li><strong>Control d&#39;Accessos:</strong> Compost per dos Torns Bidireccionals amb dos lectors d'entrada i dos d'eixida i una tanca motoritzada per a l'accés de les persones discapacitades.</li>
<li>Accés informatitzat a la instal·lació a través de Targeta de proximitat.</li>
<li><strong>Circuit Tancat de Televisió (14 Cambres):</strong> Amb programa informàtic personalitzat l'objectiu principal és la vigilància del bon funcionament general i la millora de la seguretat de totes les zones de la instal·lació.</li>
<li><strong>Lloc de Control del Balneari:</strong> Videoporter de control amb imatge directa per a la vigilància del Balneari Urbà.</li>
<li><strong>Centraleta contra incendis.</strong></li>
<li><strong>Centraleta de Vigilància:</strong> Funciona coordinadament amb el sistema de circuit tancat de televisió per assegurar les instal·lacions en tot moment.</li>
<li><strong>Sistema de Megafonia:</strong> Amb instal·lació independent per a les diferents zones de la instal·lació i amb suplement de micro sense fil.</li>
<li><strong>Sala de Professors:</strong> Amb vista directa als gots de les piscines. Climatització Independent i zones annexes per al funcionament diari dels professors.</li>
<li><strong>Farmaciola:</strong> D&#39;accés a través de la zona de professors dotat amb totes les mesures d&#39;atenció mèdica necessàries per a la ràpida actuació en cas de necessitat.</li>
<li><strong>Saló de Bronzejat:</strong> Consta de dues cabines horitzontals per al bronzejat a través dels raigs raïm. La sala està perfectament ventilada i condicionada per acollir dos usuaris al mateix temps, ja que les cabines estan perfectament compartimentades. El seu ús està regulat pel reglament vigent i controlat en tot moment des de l'àrea d'atenció al client.</li>
<li><strong>Saló de Massatge:</strong> Sala de massatge dotada de tot l'equipament necessari perquè reberes els teus massatges de relaxació i de recuperació de lesions.</li>
<li><strong>Vestuari adaptat:</strong> Vestuari adaptat per a tota classe necessitats especials. Disposa de 6 cabines individuals amb servicis de dutxa i amb accés independent i directe als gots de les piscines cobertes. Així mateix, disposa de climatització independent i de totes les capacitats dels vestuaris generals</li>
</ul>
<p>[/vc_column_text][vc_separator color=»custom» style=»solid» accent_color=»rgba(0,0,0,0.15)»][vc_custom_heading text=»Espacios Planta 2&#8243; font_container=»tag:h5|font_size:1.2em|text_align:left|line_height:1.6&#8243; use_theme_fonts=»yes» letter_spacing=»0&#8243; el_class=»pt-3 mb-0&#8243;][vc_column_text]</p>
<ul>
<li><strong>Espai:</strong> Climatització independent, dotada de cadires i taules amb visió directa dels gots de la piscina a través de grans vidrieres.</li>
<li><strong>Grades:</strong> Accés directe des de la cafeteria. Consta de 152 places, ocupant una àrea total de 266.84 metres quadrats.</li>
<li><strong>Zona de Direcció:</strong> Despatx complet de treball connectat en xarxa amb la zona d'administració, atenció al client i control d'accessos.</li>
<li><strong>Lavabos:</strong> Dos lavabos amplis a la planta segona</li>
</ul>
<p>[/vc_column_text]</div></div>[/vc_column][/vc_row]</p>
